r of 4 and 128386.
2
What is the greatest common factor of 402 and 575061?
201
Calculate the highest common divisor of 54 and 476280.
54
What is the greatest common divisor of 15 and 305535?
15
Calculate the greatest common divisor of 1385290 and 1330.
190
Calculate the greatest common divisor of 23 and 333316.
23
Calculate the greatest common divisor of 422143 and 139.
139
Calculate the highest common divisor of 560 and 59248.
112
What is the highest common factor of 3331679 and 52?
13
Calculate the greatest common divisor of 174 and 47067.
87
What is the highest common divisor of 898065 and 1575?
315
What is the greatest common factor of 27 and 10503?
27
What is the highest common divisor of 8 and 94504?
8
Calculate the highest common factor of 65 and 6835.
5
Calculate the greatest common divisor of 78012 and 54.
18
Calculate the greatest common factor of 1975 and 471235.
395
Calculate the highest common factor of 3864 and 22512.
168
Calculate the greatest common divisor of 614471 and 143.
143
Calculate the greatest common divisor of 112344 and 2114.
302
Calculate the highest common factor of 73462 and 184.
46
Calculate the highest common divisor of 2502 and 18.
18
What is the greatest common divisor of 188 and 103259?
47
What is the greatest common divisor of 463770 and 10?
10
Calculate the greatest common divisor of 320913 and 6697.
181
Calculate the greatest common divisor of 60 and 9363.
3
Calculate the highest common divisor of 364 and 29068.
52
Calculate the highest common factor of 104 and 145496.
104
Calculate the greatest common factor of 174361 and 4454.
131
What is the greatest common factor of 28 and 85533?
7
Calculate the highest common factor of 5423 and 15631.
319
What is the greatest common factor of 305932 and 17?
17
Calculate the greatest common divisor of 308 and 1859.
11
Calculate the greatest common factor of 97815 and 3.
3
What is the highest common divisor of 251373 and 3?
3
What is the highest common divisor of 68 and 159596?
68
Calculate the highest common divisor of 1722 and 2542.
82
Calculate the greatest common factor of 1258 and 7786.
34
What is the highest common factor of 18 and 11493?
9
What is the greatest common divisor of 115 and 1467515?
115
What is the highest common factor of 1135 and 252878?
227
What is the highest common divisor of 84 and 204666?
42
What is the greatest common factor of 1327285 and 895?
895
Calculate the highest common divisor of 96 and 3246.
6
Calculate the highest common divisor of 8100 and 940.
20
What is the greatest common divisor of 54 and 424062?
54
What is the highest common divisor of 84 and 8916?
12
Calculate the greatest common divisor of 81168 and 89.
89
What is the greatest common factor of 2430 and 31455?
135
Calculate the greatest common divisor of 269 and 145529.
269
What is the highest common factor of 6738 and 78?
6
What is the highest common divisor of 19269 and 6?
3
What is the greatest common factor of 8 and 18316?
4
What is the highest common factor of 963 and 31137?
321
Calculate the greatest common divisor of 232 and 940.
4
What is the greatest common divisor of 3293074 and 74?
74
What is the highest common factor of 42 and 211274?
14
What is the greatest common factor of 295179 and 3111?
183
Calculate the highest common divisor of 70431 and 5151.
51
Calculate the greatest common divisor of 1538013 and 3.
3
Calculate the highest common factor of 1006401 and 363.
33
What is the highest common factor of 177808 and 64?
16
What is the highest common divisor of 32 and 6406112?
32
Calculate the greatest common factor of 1731 and 40390.
577
What is the highest common factor of 8203 and 585?
13
What is the greatest common factor of 153 and 10809?
9
What is the greatest common factor of 13 and 101036?
13
Calculate the greatest common factor of 12620 and 600.
20
Calculate the greatest common divisor of 26 and 567736.
26
Calculate the highest common factor of 2120 and 40.
40
Calculate the highest common factor of 735 and 36897.
147
What is the greatest common factor of 42444 and 972?
324
Calculate the highest common factor of 87 and 122467.
29
Calculate the highest common divisor of 30 and 1755.
15
Calculate the greatest common divisor of 4356 and 18.
18
Calculate the greatest common divisor of 1029200 and 50.
50
Calculate the greatest common divisor of 1386 and 3402.
126
Calculate the highest common factor of 112391 and 24228.
673
What is the highest common divisor of 61 and 3594303?
61
What is the greatest common factor of 35916 and 13724?
292
Calculate the highest common factor of 109 and 120881.
109
Calculate the greatest common divisor of 732 and 36844.
244
What is the greatest common factor of 298968 and 12?
12
What is the greatest common factor of 150823 and 1?
1
What is the greatest common divisor of 1 and 4007?
1
Calculate the highest common divisor of 122 and 46726.
122
Calculate the greatest common divisor of 2050 and 93070.
410
What is the highest common factor of 8613 and 12760?
319
Calculate the highest common factor of 7113 and 3.
3
Calculate the greatest common divisor of 972 and 89748.
324
Calculate the highest common divisor of 118352 and 7904.
208
What is the greatest common factor of 24748 and 7015?
23
What is the highest common factor of 273754 and 104?
26
Calculate the highest common divisor of 320496 and 528.
528
Calculate the greatest common factor of 2499 and 111027.
357
Calculate the highest common divisor of 147 and 217.
7
Calculate the highest common divisor of 238 and 85952.
34
Calculate the highest common divisor of 16070 and 110.
10
What is the greatest common factor of 2813 and 261?
29
What is the highest common factor of 19057 and 59?
59
Calculate the greatest common divisor of 65689 and 790387.
2119
What is the highest common divisor of 65 and 19135?
5
What is the highest common factor of 76843 and 13?
13
Calculate the greatest common divisor of 12 and 659028.
12
Calculate the greatest common factor of 311049 and 1377.
153
Calculate the highest common divisor of 2044 and 847.
7
What is the greatest common factor of 134732 and 312?
52
Calculate the greatest common factor of 154742 and 196.
98
Calculate the highest common divisor of 735 and 75.
15
What is the highest common factor of 70688 and 272?
16
Calculate the greatest common factor of 20835 and 125.
5
What is the greatest common divisor of 1360 and 7760?
80
What is the highest common divisor of 1384 and 38152?
8
Calculate the greatest common factor of 374 and 399982.
22
What is the highest common divisor of 575 and 225?
25
Calculate the highest common factor of 1196106 and 1555.
311
Calculate the greatest common divisor of 215429 and 734.
367
What is the greatest common divisor of 118996 and 1420?
284
Calculate the greatest common divisor of 719 and 22289.
719
What is the greatest common factor of 9 and 81306?
9
Calculate the greatest common factor of 100 and 40450.
50
What is the highest common divisor of 523 and 193?
1
What is the greatest common factor of 4640 and 220?
20
Calculate the greatest common factor of 14346 and 144.
18
Calculate the greatest common divisor of 62058 and 210.
6
What is the highest common factor of 57285 and 16549?
1273
Calculate the greatest common divisor of 30 and 361180.
10
What is the greatest common divisor of 55 and 17648785?
55
Calculate the highest common factor of 406 and 10178.
14
What is the greatest common factor of 354 and 102?
6
Calculate the greatest common factor of 1743 and 15.
3
Calculate the greatest common divisor of 2737 and 21.
7
What is the highest common factor of 510 and 171904?
34
Calculate the greatest common factor of 12 and 4852.
4
Calculate the highest common divisor of 690 and 1110.
30
Calculate the highest common divisor of 25 and 7693675.
25
What is the highest common divisor of 2 and 24778?
2
Calculate the highest common divisor of 238 and 106862.
238
Calculate the greatest common factor of 724648 and 2274.
758
What is the highest common factor of 112 and 23536?
16
Calculate the highest common divisor of 1782 and 678051.
891
What is the greatest common factor of 675824 and 16?
16
Calculate the highest common factor of 6394 and 920.
46
What is the greatest common divisor of 78 and 38694?
6
What is the greatest common fac